In base 16, what is 32 + -3?
2f
In base 2, what is 1110100110101 + 1?
1110100110110
In base 4, what is -10001 + -33?
-10100
In base 13, what is -30 + -3?
-33
In base 16, what is 9a + 0?
9a
In base 15, what is 633 - -1?
634
In base 14, what is -4 - -2a08?
2a04
In base 8, what is -4 - -303?
277
In base 4, what is -10 - 300?
-310
In base 16, what is -5 - -521?
51c
In base 10, what is -545 + 1?
-544
In base 15, what is 264 - 12?
252
In base 9, what is -37 + -18?
-56
In base 11, what is -1a8a4 + 3?
-1a8a1
In base 7, what is -3521 + -2?
-3523
In base 7, what is 2 - 6?
-4
In base 8, what is -3 + -7000?
-7003
In base 10, what is -2 - -116?
114
In base 2, what is -11001 + 111?
-10010
In base 5, what is 1211 - -14?
1230
In base 9, what is -212 - 101?
-313
In base 14, what is 2b + -2?
29
In base 2, what is 1 - 10101100101?
-10101100100
In base 6, what is 23 - -313?
340
In base 4, what is -23 + -210?
-233
In base 7, what is -2232 - 4?
-2236
In base 4, what is -22310 - -33?
-22211
In base 4, what is 1011 - -11?
1022
In base 16, what is 74 + 3?
77
In base 13, what is -1 - 1a?
-1b
In base 9, what is -201 - -7?
-183
In base 16, what is -4 - 604?
-608
In base 8, what is -13 + 31?
16
In base 9, what is 1027 + 2?
1030
In base 5, what is -31 + -332?
-413
In base 14, what is 0 + -717?
-717
In base 15, what is -302 - 6?
-308
In base 3, what is -12 + -20011?
-20100
In base 15, what is -5 + 771?
76b
In base 6, what is -3 + 453?
450
In base 13, what is 3 - -380?
383
In base 14, what is -123 + 1a?
-107
In base 6, what is -52 - 15?
-111
In base 2, what is 11 + -1000011?
-1000000
In base 5, what is -34 + 40?
1
In base 8, what is 3420 - 20?
3400
In base 13, what is -42b2 + 5?
-42aa
In base 5, what is -304 + 10?
-244
In base 3, what is -12 - 10101?
-10120
In base 7, what is -25 - -31?
3
In base 9, what is 266 + 5?
272
In base 13, what is 176 - -a?
183
In base 10, what is 0 + 5518?
5518
In base 11, what is -3 + 2693?
2690
In base 13, what is -4 - -71?
6a
In base 13, what is 1 - -18c?
190
In base 4, what is -11 + 113003?
112332
In base 12, what is 81 - -6a?
12b
In base 14, what is -a6 - 1?
-a7
In base 5, what is -3 + 23?
20
In base 4, what is -233 + -11?
-310
In base 9, what is -1286 + 0?
-1286
In base 11, what is 3 + a6?
a9
In base 16, what is 0 - -4f6?
4f6
In base 8, what is -2276 + 2?
-2274
In base 13, what is 31 - -b5?
116
In base 9, what is -1565 - 1?
-1566
In base 6, what is 31434 + -2?
31432
In base 6, what is -14111 + -2?
-14113
In base 16, what is -5 - -1b?
16
In base 3, what is -112 - -1022?
210
In base 6, what is 4 - 315?
-311
In base 12, what is -228 - 9?
-235
In base 2, what is -100110111 - -10?
-100110101
In base 9, what is -842 + -10?
-852
In base 9, what is -4567 + -6?
-4574
In base 14, what is -10 + 5?
-9
In base 11, what is -3 - 1a2?
-1a5
In base 2, what is -100110000010 + 100?
-100101111110
In base 16, what is c - -1b3?
1bf
In base 5, what is 13 - -102?
120
In base 9, what is 7 + 20?
27
In base 5, what is -4 + 201211?
201202
In base 2, what is -11001 - -11?
-10110
In base 12, what is -1 + 37?
36
In base 11, what is 5 - a7?
-a2
In base 8, what is 13 - 0?
13
In base 14, what is -119 - -5?
-114
In base 7, what is -25 + -4?
-32
In base 5, what is 4 - -132?
141
In base 8, what is -3 + -3630?
-3633
In base 5, what is 3 - 3322?
-3314
In base 16, what is 3 + -1e90?
-1e8d
In base 2, what is 11 + 1011010?
1011101
In base 14, what is a7 + -1?
a6
In base 11, what is 230 - -1?
231
In base 8, what is 3 - 2521?
-2516
In base 6, what is 31 + 0?
31
In base 11, what is 4 + 48?
51
In base 2, what is 100101011 + -1?
100101010
In base 12, what is 20a - -3?
211
In base 2, what is 11010 + 100?
11110
In base 13, what is -14 + -72?
-86
In base 9, what is 3 + 445?
448
In base 4, what is -2 + 3121?
3113
In base 5, what is -1124 - 0?
-1124
In base 2, what is -1111000101 - 1?
-1111000110
In base 2, what is 1011 - 100110110?
-100101011
In base 9, what is -16725 - -5?
-16720
In base 2, what is 1000111 - -1?
1001000
In base 5, what is 123 + 130?
303
In base 4, what is 30031 + 0?
30031
In base 6, what is 11033 - 1?
11032
In base 2, what is -1100100100 + -100111?
-1101001011
In base 9, what is 16266 - 3?
16263
In base 16, what is -26 - -3?
-23
In base 2, what is -11 + 1010100?
1010001
In base 15, what is -17 - d?
-25
In base 12, what is 0 + 5?
5
In base 16, what is 5 + 233?
238
In base 14, what is 1c + -24?
-6
In base 11, what is -194 - -2?
-192
In base 8, what is 666 - 2?
664
In base 8, what is 161146 + -3?
161143
In base 6, what is -452 - 123?
-1015
In base 12, what is 22 + -14?
a
In base 3, what is 10 - 10111022?
-10111012
In base 14, what is 25 - -1?
26
In base 10, what is 7 - -19?
26
In base 2, what is 110 + -11001001?
-11000011
In base 6, what is 24 + 3?
31
In base 6, what is 5 - 123?
-114
In base 5, what is -231 + -2404?
-3140
In base 13, what is -5 + -8a?
-92
In base 4, what is -11 + -12023?
-12100
In base 11, what is 2 - -58?
5a
In base 5, what is 214 + -410?
-141
In base 16, what is -10 + -2c?
-3c
In base 13, what is -390 + 1?
-38c
In base 5, what is 1 + -220?
-214
In base 15, what is 116 - 5c?
a9
In base 4, what is 11 - 2020332?
-2020321
In base 2, what is 0 + 11011011?
11011011
In base 2, what is -1 + -1101010?
-1101011
In base 11, what is 4 - -1005?
1009
In base 15, what is 16c + -7?
165
In base 9, what is 6255 - -1?
6256
In base 8, what is 140 - 3?
135
In base 16, what is 1 + 1cc?
1cd
In base 10, what is -1069 - 1?
-1070
In base 13, what is -30 + -4?
-34
In base 15, what is -1 + -8?
-9
In base 10, what is 420 - -4?
424
In base 2, what is -110 - -101001110?
101001000
In base 8, what is 1 + -10270?
-10267
In base 12, what is -3 - 101?
-104
In base 4, what is -33310 - 11?
-33321
In base 8, what is 1152 - -5?
1157
In base 16, what is 12 + -11e?
-10c
In base 10, what is -172 + -2?
-174
In base 13, what is a6 + -5?
a1
In base 16, what is 2 + -4b?
-49
In base 7, what is -41154 + 2?
-41152
In base 8, what is 1 + -5262?
-5261
In base 16, what is -1c + -b?
-27
In base 16, what is -2f + -4d?
-7c
In base 10, what is -218 + 0?
-218
In base 15, what is -4 + 107?
103
In base 5, what is 432 + -10?
422
In base 10, what is 421 + 2?
423
In base 5, what is 0 - 2202?
-2202
In base 3, what is 11 + -10012?
-10001
In base 13, what is -6 - 9a4?
-9aa
In base 12, what is -39 - -17?
-22
In base 2, what is 10101 + -10?
10011
In base 5, what is 3 - 242?
-234
In base 4, what is 12 - 21033?
-21021
In base 2, what is -110111 - 10?
-111001
In base 16, what is -5 + 4d6?
4d1
In base 2, what is 1000000 - -101101?
1101101
In base 9, what is 3 - -3?
6
In base 7, what is 141 - -31?
202
In base 13, what is -1 - 47?
-48
In base 13, what is 118 + 9?
124
In base 14, what is 10 - 39?
-29
In base 3, what is 2 + -2111?
-2102
In base 12, what is -17a0 - -1?
-179b
In base 2, what is 10110 + -10000101?
-1101111
In base 8, what is -136 + 0?
-136
In base 12, what is -2 + 69?
67
In base 14, what is 1 + 9c?
9d
In base 5, what is 101 + 10?
111
In base 9, what is -5 - -16?
11
In base 15, what is -4 - -26?
22
In base 9, what is 64 + -106?
-32
In base 6, what is 20 + -3?
13
In base 6, what is 44003 + -2?
44001
In base 7, what is -32124 + 0?
-32124
In base 5, what is 104 - -10?
114
In base 8, what is -34121 - 2?
-34123
In base 9, what is 12 - -2?
14
In base 4, what is 0 - 321230?
-321230
In base 13, what is 13 - 42?
-2c
In base 5, what is 1100 + 241?
1341
In base 7, what is 5 - 565?
-560
In base 3, what is -101 - -1100?
222
In base 3, what is 100120 + 2?
100122
In base 15, what is -1e47 + -3?
-1e4a
In base 7, what is 31 - 2?
26
In base 14, what is 4 + 1694?
1698
In base 7, what is -1 + -515?
-516
In base 4, what is 103010 + 10?
103020
In base 9, what is -2 - 0?
-2
In base 13, what is -58 - 2a?
-85
In base 10, what is 1442 + 4?
1446
In base 2, what is 1101 - 0?
1101
In base 10, what is 2 - -24?
26
In base 15, what is 299 - 1a?
27e
In base 6, what is -10 + -1430?
-1440
In base 7, what is -316 - 14?
-333
In base 10, what is 2 - 341?
-339
In base 9, what is -2 - -246?
244
In base 9, what is -574 + -5?
-580
In base 3, what is -101 - -121021?
120220
In base 4, what is -11 - 123?
-200
In base 13, what is -84 + -9?
-90
In base 14, what is -17 - -52?
39
In base 12, what is -1 + 125?
124
In base 16, what is 2 - -145?
147
In base 5, what i